{"id":98,"date":"2025-05-22T18:32:38","date_gmt":"2025-05-22T16:32:38","guid":{"rendered":"https:\/\/sylwira.best.net.pl\/?page_id=98"},"modified":"2025-08-15T13:53:51","modified_gmt":"2025-08-15T11:53:51","slug":"rekodzielo","status":"publish","type":"page","link":"https:\/\/sylwirart.pl\/index.php\/rekodzielo\/","title":{"rendered":"R\u0119kodzie\u0142o"},"content":{"rendered":"\n<h2 class=\"wp-block-heading\">Malowane kubki z portretem zwierzaka<\/h2>\n\n\n\n<div class=\"wp-block-columns is-layout-flex wp-container-core-columns-is-layout-1 wp-block-columns-is-layout-flex\">\n<div class=\"wp-block-column is-layout-flow wp-block-column-is-layout-flow\">\n<p>Personalizowane, r\u0119cznie malowane kubki z portretem Twojego pupila \u2013 psa, kota, konia, kr\u00f3lika, papugi czy innego zwierzaka domowego lub dzikiego. Malunek powstaje na podstawie zdj\u0119cia, z zachowaniem charakterystycznych cech zwierz\u0119cia i artystycznym wyko\u0144czeniem, dzi\u0119ki czemu kubek staje si\u0119 nie tylko praktycznym gad\u017cetem, ale te\u017c oryginaln\u0105 ozdob\u0105 kuchni.<\/p>\n<\/div>\n\n\n\n<div class=\"wp-block-column is-layout-flow wp-block-column-is-layout-flow\">\n<figure class=\"wp-block-image size-large\"><img loading=\"lazy\" decoding=\"async\" width=\"1024\" height=\"683\" src=\"https:\/\/sylwirart.pl\/wp-content\/uploads\/2025\/08\/etsy1-1024x683.jpg\" alt=\"\" class=\"wp-image-170\" srcset=\"https:\/\/sylwirart.pl\/wp-content\/uploads\/2025\/08\/etsy1-1024x683.jpg 1024w, https:\/\/sylwirart.pl\/wp-content\/uploads\/2025\/08\/etsy1-300x200.jpg 300w, https:\/\/sylwirart.pl\/wp-content\/uploads\/2025\/08\/etsy1-768x512.jpg 768w, https:\/\/sylwirart.pl\/wp-content\/uploads\/2025\/08\/etsy1-358x239.jpg 358w, https:\/\/sylwirart.pl\/wp-content\/uploads\/2025\/08\/etsy1.jpg 1500w\" sizes=\"(max-width: 1024px) 100vw, 1024px\" \/><\/figure>\n<\/div>\n<\/div>\n\n\n\n<p><strong>Specyfikacja:<\/strong><\/p>\n\n\n\n<ul class=\"wp-block-list\">\n<li>Kubek ceramiczny Bruno marki Glasmark z Krosna, kolor bia\u0142y, pojemno\u015b\u0107 300 ml<\/li>\n\n\n\n<li>Malowanie specjalnymi farbami do ceramiki PEBEO, utrwalonymi w wysokiej temperaturze<\/li>\n\n\n\n<li>Dost\u0119pny wariant z malunkiem po jednej lub obu stronach<\/li>\n\n\n\n<li>W cenie mo\u017cliwy kr\u00f3tki napis<\/li>\n<\/ul>\n\n\n\n<p><strong>Piel\u0119gnacja:<\/strong><br>Farby s\u0105 odporne na \u015bwiat\u0142o i mycie w zmywarce (wg producenta), jednak dla bezpiecze\u0144stwa zaleca si\u0119 mycie r\u0119czne mi\u0119kk\u0105 g\u0105bk\u0105 i delikatnym detergentem. Nie szorowa\u0107 ostrymi myjkami ani szczotkami, chroni\u0107 przed zarysowaniami.<\/p>\n\n\n\n<p>Kubki mo\u017cna zam\u00f3wi\u0107 w moim <a href=\"https:\/\/allegro.pl\/oferta\/unikatowy-recznie-malowany-kubek-z-twoim-kotem-psem-koniem-pupilem-16164478783\">sklepie na Allegro<\/a>, lub kontaktuj\u0105c si\u0119 ze mn\u0105 <a href=\"https:\/\/sylwirart.pl\/index.php\/kontakt\/\" data-type=\"page\" data-id=\"105\">bezpo\u015brednio<\/a>.<\/p>\n\n\n\n<hr class=\"wp-block-separator has-alpha-channel-opacity\"\/>\n\n\n\n<h2 class=\"wp-block-heading\">Portrety szkicowe<\/h2>\n\n\n\n<div class=\"wp-block-columns is-layout-flex wp-container-core-columns-is-layout-2 wp-block-columns-is-layout-flex\">\n<div class=\"wp-block-column is-layout-flow wp-block-column-is-layout-flow\">\n<p>Oryginalny rysunek o\u0142\u00f3wkiem w moim indywidualnym, szkicowym stylu \u2013 realistyczny i szczeg\u00f3\u0142owy, z delikatn\u0105, artystyczn\u0105 kresk\u0105. Powstaje na podstawie przes\u0142anego zdj\u0119cia zwierzaka domowego lub dzikiego, ale mog\u0119 te\u017c wykona\u0107 portrety ludzi czy rysunki obiekt\u00f3w architektonicznych.<\/p>\n\n\n\n<p><strong>Specyfikacja:<\/strong><\/p>\n\n\n\n<ul class=\"wp-block-list\">\n<li>Format: A4 (21 \u00d7 29,7 cm) \u2013 pion lub poziom<\/li>\n\n\n\n<li>Technika: o\u0142\u00f3wek na papierze<\/li>\n\n\n\n<li>Styl: szkicowy, realistyczny, indywidualny<\/li>\n\n\n\n<li>Oprawa: lekka antyrama A4 (plexi z foli\u0105 ochronn\u0105, p\u0142yta HDF, 4 klipsy dociskaj\u0105ce)<\/li>\n\n\n\n<li>W cenie mo\u017cliwy kr\u00f3tki napis (do 15 liter)<\/li>\n<\/ul>\n\n\n\n<p>Portret wysy\u0142am gotowy do powieszenia lub podarowania, zabezpieczony foli\u0105.<\/p>\n<\/div>\n\n\n\n<div class=\"wp-block-column is-layout-flow wp-block-column-is-layout-flow\">\n<figure class=\"wp-block-image size-full\"><img loading=\"lazy\" decoding=\"async\" width=\"1000\" height=\"1000\" src=\"https:\/\/sylwirart.pl\/wp-content\/uploads\/2025\/08\/luna.jpg\" alt=\"\" class=\"wp-image-185\" srcset=\"https:\/\/sylwirart.pl\/wp-content\/uploads\/2025\/08\/luna.jpg 1000w, https:\/\/sylwirart.pl\/wp-content\/uploads\/2025\/08\/luna-300x300.jpg 300w, https:\/\/sylwirart.pl\/wp-content\/uploads\/2025\/08\/luna-150x150.jpg 150w, https:\/\/sylwirart.pl\/wp-content\/uploads\/2025\/08\/luna-768x768.jpg 768w, https:\/\/sylwirart.pl\/wp-content\/uploads\/2025\/08\/luna-350x350.jpg 350w\" sizes=\"(max-width: 1000px) 100vw, 1000px\" \/><\/figure>\n<\/div>\n<\/div>\n\n\n\n<p><strong>Opcja dodatkowa:<\/strong><br>W ofercie tak\u017ce opcja <strong>wypalenia rysunku laserowo w drewnie<\/strong>.<\/p>\n\n\n\n<p><strong>Piel\u0119gnacja:<\/strong><br>Nie wystawia\u0107 na bezpo\u015brednie s\u0142o\u0144ce ani wilgo\u0107, nie dotyka\u0107 mokrymi r\u0119kami. Czy\u015bci\u0107 wy\u0142\u0105cznie such\u0105, mi\u0119kk\u0105 \u015bciereczk\u0105, bez u\u017cycia detergent\u00f3w.<\/p>\n\n\n\n<p>Portrety mo\u017cna zam\u00f3wi\u0107 w <a href=\"https:\/\/allegro.pl\/oferta\/portret-szkic-ze-zdjecia-twojego-kota-psa-zwierzaka-w-antyramie-a4-16571431258\" data-type=\"link\" data-id=\"https:\/\/allegro.pl\/oferta\/portret-szkic-ze-zdjecia-twojego-kota-psa-zwierzaka-w-antyramie-a4-16571431258\">moim sklepie na Allegro<\/a>, lub kontaktuj\u0105c si\u0119 ze mn\u0105 <a href=\"https:\/\/sylwirart.pl\/index.php\/kontakt\/\" data-type=\"page\" data-id=\"105\">bezpo\u015brednio<\/a>.<\/p>\n","protected":false},"excerpt":{"rendered":"<p>Malowane kubki z portretem zwierzaka Personalizowane, r\u0119cznie malowane kubki z portretem Twojego pupila \u2013 psa, kota, konia, kr\u00f3lika, papugi czy &hellip;<\/p>\n","protected":false},"author":1,"featured_media":94,"parent":0,"menu_order":0,"comment_status":"closed","ping_status":"closed","template":"","meta":{"ngg_post_thumbnail":0,"footnotes":""},"class_list":["post-98","page","type-page","status-publish","has-post-thumbnail","hentry"],"_links":{"self":[{"href":"https:\/\/sylwirart.pl\/index.php\/wp-json\/wp\/v2\/pages\/98"}],"collection":[{"href":"https:\/\/sylwirart.pl\/index.php\/wp-json\/wp\/v2\/pages"}],"about":[{"href":"https:\/\/sylwirart.pl\/index.php\/wp-json\/wp\/v2\/types\/page"}],"author":[{"embeddable":true,"href":"https:\/\/sylwirart.pl\/index.php\/wp-json\/wp\/v2\/users\/1"}],"replies":[{"embeddable":true,"href":"https:\/\/sylwirart.pl\/index.php\/wp-json\/wp\/v2\/comments?post=98"}],"version-history":[{"count":9,"href":"https:\/\/sylwirart.pl\/index.php\/wp-json\/wp\/v2\/pages\/98\/revisions"}],"predecessor-version":[{"id":188,"href":"https:\/\/sylwirart.pl\/index.php\/wp-json\/wp\/v2\/pages\/98\/revisions\/188"}],"wp:featuredmedia":[{"embeddable":true,"href":"https:\/\/sylwirart.pl\/index.php\/wp-json\/wp\/v2\/media\/94"}],"wp:attachment":[{"href":"https:\/\/sylwirart.pl\/index.php\/wp-json\/wp\/v2\/media?parent=98"}],"curies":[{"name":"wp","href":"https:\/\/api.w.org\/{rel}","templated":true}]}}

Rękodzieło

<h2 class="wp-block-heading">Malowane kubki z portretem zwierzaka</h2>



<div class="wp-block-columns is-layout-flex wp-container-core-columns-is-layout-1 wp-block-columns-is-layout-flex">
<div class="wp-block-column is-layout-flow wp-block-column-is-layout-flow">
<p>Personalizowane, ręcznie malowane kubki z portretem Twojego pupila – psa, kota, konia, królika, papugi czy innego zwierzaka domowego lub dzikiego. Malunek powstaje na podstawie zdjęcia, z zachowaniem charakterystycznych cech zwierzęcia i artystycznym wykończeniem, dzięki czemu kubek staje się nie tylko praktycznym gadżetem, ale też oryginalną ozdobą kuchni.</p>
</div>



<div class="wp-block-column is-layout-flow wp-block-column-is-layout-flow">
<figure class="wp-block-image size-large"><img loading="lazy" decoding="async" width="1024" height="683" src="https://sylwirart.pl/wp-content/uploads/2025/08/etsy1-1024x683.jpg" alt="" class="wp-image-170" srcset="https://sylwirart.pl/wp-content/uploads/2025/08/etsy1-1024x683.jpg 1024w, https://sylwirart.pl/wp-content/uploads/2025/08/etsy1-300x200.jpg 300w, https://sylwirart.pl/wp-content/uploads/2025/08/etsy1-768x512.jpg 768w, https://sylwirart.pl/wp-content/uploads/2025/08/etsy1-358x239.jpg 358w, https://sylwirart.pl/wp-content/uploads/2025/08/etsy1.jpg 1500w" sizes="(max-width: 1024px) 100vw, 1024px" /></figure>
</div>
</div>



<p><strong>Specyfikacja:</strong></p>



<ul class="wp-block-list">
<li>Kubek ceramiczny Bruno marki Glasmark z Krosna, kolor biały, pojemność 300 ml</li>



<li>Malowanie specjalnymi farbami do ceramiki PEBEO, utrwalonymi w wysokiej temperaturze</li>



<li>Dostępny wariant z malunkiem po jednej lub obu stronach</li>



<li>W cenie możliwy krótki napis</li>
</ul>



<p><strong>Pielęgnacja:</strong><br>Farby są odporne na światło i mycie w zmywarce (wg producenta), jednak dla bezpieczeństwa zaleca się mycie ręczne miękką gąbką i delikatnym detergentem. Nie szorować ostrymi myjkami ani szczotkami, chronić przed zarysowaniami.</p>



<p>Kubki można zamówić w moim <a href="https://allegro.pl/oferta/unikatowy-recznie-malowany-kubek-z-twoim-kotem-psem-koniem-pupilem-16164478783">sklepie na Allegro</a>, lub kontaktując się ze mną <a href="https://sylwirart.pl/index.php/kontakt/" data-type="page" data-id="105">bezpośrednio</a>.</p>



<hr class="wp-block-separator has-alpha-channel-opacity"/>



<h2 class="wp-block-heading">Portrety szkicowe</h2>



<div class="wp-block-columns is-layout-flex wp-container-core-columns-is-layout-2 wp-block-columns-is-layout-flex">
<div class="wp-block-column is-layout-flow wp-block-column-is-layout-flow">
<p>Oryginalny rysunek ołówkiem w moim indywidualnym, szkicowym stylu – realistyczny i szczegółowy, z delikatną, artystyczną kreską. Powstaje na podstawie przesłanego zdjęcia zwierzaka domowego lub dzikiego, ale mogę też wykonać portrety ludzi czy rysunki obiektów architektonicznych.</p>



<p><strong>Specyfikacja:</strong></p>



<ul class="wp-block-list">
<li>Format: A4 (21 × 29,7 cm) – pion lub poziom</li>



<li>Technika: ołówek na papierze</li>



<li>Styl: szkicowy, realistyczny, indywidualny</li>



<li>Oprawa: lekka antyrama A4 (plexi z folią ochronną, płyta HDF, 4 klipsy dociskające)</li>



<li>W cenie możliwy krótki napis (do 15 liter)</li>
</ul>



<p>Portret wysyłam gotowy do powieszenia lub podarowania, zabezpieczony folią.</p>
</div>



<div class="wp-block-column is-layout-flow wp-block-column-is-layout-flow">
<figure class="wp-block-image size-full"><img loading="lazy" decoding="async" width="1000" height="1000" src="https://sylwirart.pl/wp-content/uploads/2025/08/luna.jpg" alt="" class="wp-image-185" srcset="https://sylwirart.pl/wp-content/uploads/2025/08/luna.jpg 1000w, https://sylwirart.pl/wp-content/uploads/2025/08/luna-300x300.jpg 300w, https://sylwirart.pl/wp-content/uploads/2025/08/luna-150x150.jpg 150w, https://sylwirart.pl/wp-content/uploads/2025/08/luna-768x768.jpg 768w, https://sylwirart.pl/wp-content/uploads/2025/08/luna-350x350.jpg 350w" sizes="(max-width: 1000px) 100vw, 1000px" /></figure>
</div>
</div>



<p><strong>Opcja dodatkowa:</strong><br>W ofercie także opcja <strong>wypalenia rysunku laserowo w drewnie</strong>.</p>



<p><strong>Pielęgnacja:</strong><br>Nie wystawiać na bezpośrednie słońce ani wilgoć, nie dotykać mokrymi rękami. Czyścić wyłącznie suchą, miękką ściereczką, bez użycia detergentów.</p>



<p>Portrety można zamówić w <a href="https://allegro.pl/oferta/portret-szkic-ze-zdjecia-twojego-kota-psa-zwierzaka-w-antyramie-a4-16571431258" data-type="link" data-id="https://allegro.pl/oferta/portret-szkic-ze-zdjecia-twojego-kota-psa-zwierzaka-w-antyramie-a4-16571431258">moim sklepie na Allegro</a>, lub kontaktując się ze mną <a href="https://sylwirart.pl/index.php/kontakt/" data-type="page" data-id="105">bezpośrednio</a>.</p>

<p>Malowane kubki z portretem zwierzaka Personalizowane, ręcznie malowane kubki z portretem Twojego pupila – psa, kota, konia, królika, papugi czy &hellip;</p>
